oes 44 divide 926508?
True
Is 58 a factor of 458142?
True
Is 187892 a multiple of 4?
True
Is 48 a factor of 2825808?
True
Is 46497 a multiple of 2?
False
Does 85 divide 11271043?
False
Does 6 divide 851556?
True
Is 357962 a multiple of 106?
True
Does 126 divide 1260?
True
Is 50 a factor of 44376?
False
Does 15 divide 72304?
False
Is 97783 a multiple of 229?
True
Is 102 a factor of 461532?
False
Is 406 a factor of 847470?
False
Is 869 a factor of 3999138?
True
Is 39 a factor of 125775?
True
Is 15392 a multiple of 104?
True
Is 692745 a multiple of 75?
False
Does 22 divide 61549?
False
Is 17182 a multiple of 36?
False
Is 66 a factor of 6243266?
False
Is 127 a factor of 92665?
False
Does 732 divide 368407?
False
Is 1436160 a multiple of 880?
True
Does 374 divide 816816?
True
Is 10 a factor of 116976?
False
Is 11711028 a multiple of 826?
True
Is 111 a factor of 887556?
True
Is 448325 a multiple of 263?
False
Does 142 divide 3816219?
False
Does 167 divide 55509?
False
Is 3190623 a multiple of 20?
False
Is 3 a factor of 54108?
True
Is 19 a factor of 934547?
False
Does 175 divide 177275?
True
Is 3009780 a multiple of 26?
False
Is 2431157 a multiple of 146?
False
Is 11448704 a multiple of 128?
True
Is 179426 a multiple of 26?
True
Does 2 divide 1463885?
False
Is 856713 a multiple of 143?
True
Is 505526 a multiple of 136?
False
Is 156 a factor of 2812?
False
Does 126 divide 811749?
False
Is 3 a factor of 45060?
True
Is 78546 a multiple of 13?
True
Is 4827279 a multiple of 277?
True
Is 13640 a multiple of 31?
True
Is 1223838 a multiple of 7?
True
Does 8 divide 384672?
True
Is 598165 a multiple of 27?
False
Is 13 a factor of 65056?
False
Is 110175 a multiple of 39?
True
Is 61715 a multiple of 5?
True
Does 7 divide 246877?
False
Is 13 a factor of 63583?
True
Does 15 divide 722467?
False
Does 51 divide 208590?
True
Is 37 a factor of 851333?
True
Is 11 a factor of 238325?
False
Does 9 divide 5181084?
True
Is 53481 a multiple of 33?
False
Does 34 divide 442?
True
Does 11 divide 98357?
False
Is 42 a factor of 557172?
True
Is 217 a factor of 1895061?
True
Is 2248694 a multiple of 33?
False
Is 43 a factor of 1479363?
False
Is 19 a factor of 9837644?
False
Is 25036006 a multiple of 734?
True
Does 319 divide 2956173?
True
Does 121 divide 73568?
True
Is 77554 a multiple of 10?
False
Does 15 divide 452844?
False
Is 74601 a multiple of 81?
True
Does 13 divide 827271?
False
Is 26 a factor of 19571?
False
Is 15 a factor of 1276470?
True
Is 9 a factor of 3292029?
True
Is 112 a factor of 744352?
True
Is 3 a factor of 2166810?
True
Is 12 a factor of 3299389?
False
Is 5302440 a multiple of 39?
True
Does 235 divide 16810490?
True
Is 956744 a multiple of 366?
False
Is 6701378 a multiple of 29?
True
Is 5282300 a multiple of 202?
True
Is 686 a factor of 1356222?
True
Is 113799 a multiple of 104?
False
Is 68 a factor of 488036?
True
Does 10 divide 180870?
True
Does 310 divide 12005060?
True
Is 82 a factor of 492410?
True
Is 65008 a multiple of 144?
False
Is 124055 a multiple of 2?
False
Is 49 a factor of 926345?
True
Is 7612296 a multiple of 362?
False
Is 1071291 a multiple of 161?
False
Is 380 a factor of 413665?
False
Does 36 divide 121175?
False
Is 208 a factor of 241280?
True
Is 283813 a multiple of 64?
False
Is 157472 a multiple of 14?
True
Is 67292 a multiple of 304?
False
Does 17 divide 643501?
True
Is 43 a factor of 25650380?
False
Is 19 a factor of 224063?
False
Is 99 a factor of 36117?
False
Does 443 divide 157633?
False
Does 2 divide 4380?
True
Is 2932650 a multiple of 98?
True
Is 676416 a multiple of 121?
False
Is 52 a factor of 233194?
False
Does 161 divide 29938594?
True
Is 336722 a multiple of 31?
True
Is 2164586 a multiple of 152?
False
Is 10601360 a multiple of 616?
True
Is 71 a factor of 113053?
False
Does 35 divide 65065?
True
Is 86 a factor of 728678?
True
Is 2775134 a multiple of 26?
False
Is 2551176 a multiple of 24?
True
Does 169 divide 4685517?
False
Does 76 divide 227848?
True
Does 515 divide 595855?
True
Is 357570 a multiple of 15?
True
Does 369 divide 1134677?
False
Is 118 a factor of 3254558?
True
Is 99458 a multiple of 2?
True
Does 45 divide 58906?
False
Does 183 divide 152772?
False
Does 35 divide 424218?
False
Is 694017 a multiple of 16?
False
Is 50830 a multiple of 23?
True
Is 18852867 a multiple of 16?
False
Is 9 a factor of 4084578?
True
Is 202872 a multiple of 39?
False
Is 17 a factor of 65518?
True
Is 462 a factor of 41579?
False
Is 148207 a multiple of 15?
False
Is 37022 a multiple of 346?
True
Is 74069 a multiple of 13?
False
Is 598182 a multiple of 303?
False
Does 36 divide 928081?
False
Is 1185058 a multiple of 10?
False
Does 145 divide 51910?
True
Is 11 a factor of 60522?
True
Is 135236 a multiple of 4?
True
Is 408198 a multiple of 32?
False
Does 11 divide 22572?
True
Does 28 divide 3143084?
True
Does 245 divide 652925?
True
Is 206160 a multiple of 48?
True
Is 5 a factor of 91680?
True
Is 138930 a multiple of 110?
True
Is 52254 a multiple of 18?
True
Does 47 divide 1857528?
False
Is 2 a factor of 2740?
True
Is 56965 a multiple of 5?
True
Does 13 divide 235846?
True
Is 5 a factor of 7052850?
True
Does 31 divide 11470?
True
Does 8 divide 3371127?
False
Is 231 a factor of 298914?
True
Is 248 a factor of 3892126?
False
Is 965 a multiple of 67?
False
Does 81 divide 2584451?
False
Does 156 divide 167076?
True
Is 61 a factor of 217888?
False
Is 80418 a multiple of 13?
True
Does 12 divide 530186?
False
Is 293 a factor of 3516?
True
Is 1002660 a multiple of 5?
True
Does 14 divide 827246?
True
Does 708 divide 20914320?
True
Does 263 divide 1125903?
True
Is 84 a factor of 8777?
False
Is 95274 a multiple of 7?
False
Is 353290 a multiple of 5?
True
Does 529 divide 1241501?
False
Does 309 divide 303438?
True
Does 809 divide 4820936?
False
Does 31 divide 2920975?
True
Is 1763669 a multiple of 221?
False
Does 13 divide 222560?
True
Does 907 divide 4931359?
True
Is 1195 a factor of 1969360?
True
Is 950352 a multiple of 13?
True
Is 110448 a multiple of 18?
True
Does 3 divide 16640?
False
Is 23 a factor of 176640?
True
Is 112 a factor of 1365840?
True
Is 22 a factor of 239382?
True
Is 30803 a multiple of 5?
False
Is 1454743 a multiple of 5?
False
Is 4514922 a multiple of 144?
False
Does 75 divide 190614?
False
Is 89284 a multiple of 68?
True
Does 583 divide 465247?
False
Is 717 even?
False
Does 79 divide 95195?
True
Does 19 divide 1661732?
False
Is 2611071 a multiple of 40?
False
Is 21 a factor of 630987?
True
Does 384 divide 5605248?
True
Does 35 divide 46506?
False
Is 584 a factor of 1182386?
False
Is 496 a factor of 5415988?
False
Is 5 a factor of 4160?
True
Is 10 a factor of 34439?
False
Is 116 a factor of 350552?
True
Is 312406 a multiple of 362?
True
Does 11 divide 26378?
True
Is 1465916 a multiple of 47?
False
Is 8675072 a multiple of 721?
True
Is 79 a factor of 1926494?
True
Is 16 a factor of 7264?
True
Does 544 divide 2628055?
False
Does 4 divide 116524?
True
Is 37793760 a multiple of 101?
False
Does 1727 divide 595815?
True
Is 149728 a multiple of 16?
True
Is 10 a factor of 383560?
True
Does 45 divide 1188720?
True
Does 15 divide 5346476?
False
Does 169 divide 570883?
False
Is 1869737 a multiple of 49?
False
Is 200135 a multiple of 178?
False
Does 67 divide 4265695?
False
Is 8024944 a multiple of 59?
True
Is 120384 a multiple of 57?
True
Does 14 divide 5797415?
False
Does 95 divide 990755?
True
Is 548 a factor of 18265083?
False
Is 43884 a multiple of 53?
True
Is 91 a factor of 34750?
False
Is 74 a factor of 7291115?
False
Is 186 a factor of 6322201?
False
Does 134 divide 519652?
True
Is 54 a factor of 1534706?
False
Does 2 divide 6737?
False
Is 1025662 a multiple of 21?
False
Is 251 a factor of 283128?
True
Is 331 a factor of 249685?
False
Is 52 a factor of 214922?
False
Does 112 divide 5332281?
False
Is 5 a factor of 184573?
False
Is 109 a factor of 92977?
True
Does 37 divide 2358403?
False
Does 372 divide 962736?
True
Does 39 divide 275484?
False
Is 97045 a multiple of 113?
False
Is 8 a factor of 69167?
False
Is 3359679 a multiple of 529?
True
Is 110 a factor of 771289?
False
Does 9 divide 96102?
True
Does 89 divide 18797237?
False
Is 9 a factor of 527445?
True
Does 167 divide 10329?
False
Is 16 a factor of 5527017?
False
Is 641 a factor 